common factor of b and 16.
2
Suppose 4*d + 73 = 181. What is the greatest common divisor of d and 189?
27
Let f = -3 - -5. Let l(s) = -s**3 - 8*s**2 - 8*s - 4. Let g be l(-7). Suppose -o = -g - 2. Calculate the highest common divisor of f and o.
1
Suppose -2*v + 6*v - 12 = 0. Suppose 5*k + 3*a - 35 = 180, 3*k - 135 = -v*a. Let q be 0/9 + 0 + 8. What is the highest common factor of q and k?
8
Let d be (75/10 - 4)*2. Calculate the greatest common divisor of d and 7.
7
Let z(t) = -46*t - 4. Let b be z(-2). Calculate the highest common divisor of 8 and b.
8
Suppose 2*r + 0*r + 5*v = 28, -2*v = 5*r - 28. Suppose 4*c + 10 = k, -5*c = -3*k + 17 - 1. What is the greatest common divisor of k and r?
2
Let u(q) = q**2 + 8*q + 13. Let d be u(-9). Calculate the highest common divisor of 132 and d.
22
Suppose 0 = -17*t + 12*t. Suppose t = p + 4*p - 15. What is the greatest common divisor of 15 and p?
3
Let c be (-5 + 2)/(-2 + 1). Suppose c*s = 4*s - 17. Let r(v) = 21*v**3 + 2*v**2 - 4*v + 2. Let i be r(2). Calculate the highest common divisor of i and s.
17
Let p be 6/(-33) + (-13212)/(-66). Calculate the greatest common factor of 40 and p.
40
Suppose 3*a = 114 - 312. Let m = -45 - a. What is the highest common factor of 3 and m?
3
Let o(r) = -8*r - 1. Let h be o(-2). Suppose w - t = t + 131, -w + 4*t + 127 = 0. Calculate the highest common divisor of w and h.
15
Let h = 6 + -4. Suppose 11 - 1 = 2*o. Suppose 0*g - 2*v = o*g - 31, 4*v - 37 = -5*g. Calculate the greatest common divisor of g and h.
1
Suppose 3*t - 210 = k, 4*t + 4*k - 70 = 3*t. Let z be (6 - 4)*21/3. What is the highest common divisor of z and t?
14
Let y be (0 - -1)/(2 + -3). Let x be 5*(4 - (3 + y)). Calculate the highest common factor of x and 10.
10
Let y = 2 + 42. What is the highest common divisor of y and 110?
22
Suppose 0 = -0*b - 3*b + 15, -l + 4*b = 14. Suppose -2*w = 121 - 29. Let a = 20 - w. What is the highest common divisor of a and l?
6
Let m(z) = -3*z**2 - 3*z + 5. Let s be m(4). Let t = 77 + s. What is the greatest common factor of t and 11?
11
Let r be -1 - (7 - (-4 + 3)). Let a = 15 + r. Let z = -1 - -3. Calculate the highest common divisor of a and z.
2
Let v = 56 + -37. What is the greatest common factor of v and 152?
19
Let r = -5 + -2. Let k be 2635/35 - (-2)/r. What is the greatest common factor of 15 and k?
15
Let u(j) = 16*j**2 + 2*j. Let s be u(1). Calculate the highest common divisor of 162 and s.
18
Let i be (4/(-10))/(7/(-560)). Calculate the greatest common factor of 80 and i.
16
Suppose 2*r - 6*s + 15 = -s, -3*r - 3*s + 9 = 0. Suppose r = -w - 23 + 142. What is the highest common divisor of w and 17?
17
Suppose 4*x - 25 = 35. Suppose -v + 5*v = 4*j - 60, 3*j = 5*v + 45. What is the highest common divisor of x and j?
15
Let g(c) = c**2 + 4 + 6*c + c**2 + 0 + 0*c**2. Let h be (-1)/(-3) + 40/6. Let d be g(h). What is the highest common factor of d and 16?
16
Let i(c) = -13*c - 1. Let s be i(-1). Suppose g - 389 = -4*a, 2*a - 4*g + 81 - 253 = 0. Calculate the greatest common divisor of a and s.
12
Suppose b - 8*b + 70 = 0. Suppose 0 = 3*f - 32 - 28. What is the greatest common factor of b and f?
10
Suppose 2*y + 7 - 21 = 0. Suppose -y*m + 30 = -2*m. What is the highest common factor of 66 and m?
6
Suppose 3*f = -2*n + 11, 4*n + 2*f - 21 = -3*f. Let d(k) = 2*k - 6. Let c be d(6). Suppose -4*l + c*l - 8 = 0. Calculate the highest common divisor of l and n.
4
Suppose -30 + 0 = -3*o. Let q(b) = -o*b + 7 + 4*b**2 - 5*b**2 + 4*b**2. Let a be q(6). Calculate the greatest common divisor of 5 and a.
5
Let b be (5 + -1)/(1/15). Calculate the highest common factor of b and 20.
20
Suppose -5*q - 24 - 1 = -2*l, -l - 1 = 2*q. Let v = l + -11. Let y = v + 21. What is the highest common divisor of 135 and y?
15
Let o be 1/(-3) + (-172)/(-12). Suppose u = -3*t + 12, 3*t - u + 2 - o = 0. Calculate the greatest common factor of 28 and t.
4
Suppose 3*i = n - 28, 0*n + 4*i - 102 = -5*n. Let f(v) = v**2 - 3*v - 7. Let s be f(8). What is the highest common divisor of s and n?
11
Let a = -40 - -87. What is the highest common divisor of a and 47?
47
Suppose -21 + 11 = -5*h. What is the greatest common divisor of h and 7?
1
Let s be -2 + 3/((-6)/(-34)). Suppose 2*a + a - 5*d - 37 = 0, 0 = -4*a - 2*d + 6. Suppose a*v = v + 30. Calculate the greatest common divisor of v and s.
5
Let h be (-20 - 0)*81/(-12). What is the highest common factor of 54 and h?
27
Let t be 1/3 - (-2661)/9. Calculate the greatest common factor of t and 37.
37
Let v be 1/(-3) - (-184)/12. Calculate the greatest common factor of v and 105.
15
Suppose 7*s - 6*s = 0. Suppose -16 = -s*g - g. What is the greatest common divisor of 16 and g?
16
Let a(v) = 9*v**3 - 3*v**2 + 2*v + 2. Let g be a(2). Let n = 1 - -5. Calculate the greatest common divisor of g and n.
6
Let o = -8 - -13. Let w(q) = o - 2*q**2 + 4 + 0 + 10*q + q**2. Let u be w(7). What is the greatest common divisor of u and 10?
10
Let n = 65 - 38. Let j = 41 - n. Suppose 5*k - 54 = -0*k + 4*l, 2*k = 3*l + 16. Calculate the highest common divisor of j and k.
14
Suppose -3*z + 11 = 38. Let a be (-9)/4*264/z. Suppose 5*x - 3*x - 12 = 0. Calculate the greatest common divisor of x and a.
6
Suppose 5*m + 120 = -5*x, -4*m + 88 = -5*x - m. Let k = x - -32. What is the greatest common factor of 84 and k?
12
Suppose j = 5*s - 23, 4*s - 20 - 10 = -5*j. Let y be (-12)/(j*(-12)/16). Calculate the highest common divisor of y and 72.
8
Let v(w) = 56*w**3 - w**2 - w + 1. Let l be v(1). What is the greatest common factor of l and 22?
11
Let j(g) = -g**2 + g + 1. Let q(t) = -t - 9 - 3*t + 7*t**2 + 0*t. Let k(s) = 5*j(s) + q(s). Let h be k(-3). Calculate the greatest common divisor of h and 77.
11
Let t(i) = i - 1. Let p(o) = -o. Let w be p(-3). Suppose -5 = -r - w. Let a be t(r). Calculate the highest common divisor of 1 and a.
1
Let r be 183 - ((-2 - 1) + 4). What is the greatest common factor of 26 and r?
26
Let t = -3 + 6. Suppose 0 = -5*x + 2*n + 131, -5*n + t*n = -4*x + 104. Calculate the highest common factor of x and 18.
9
Suppose 0 = 2*p - 0*p - 24. Let l be 2*12 + (1 - 1). What is the highest common divisor of p and l?
12
Suppose 0 = m + 20 - 40. What is the greatest common factor of m and 2?
2
Suppose -5*p + 45 = -h, -4*h = -3*h + 5. Let i(x) = -2 + 0 + 10*x**2 - 3*x**2 + x. Let f be i(3). Calculate the greatest common divisor of p and f.
8
Suppose 7 = k + i, 3*k - 14 = 3*i + 37. Let a(s) = s**3 - 7*s**2 + 2*s - 8. Let j be a(7). What is the highest common divisor of j and k?
6
Suppose -2*c - 9 + 13 = 0. Suppose 2*d = -8 - 8. Let w = 24 + d. What is the greatest common divisor of c and w?
2
Suppose 2*j = 8, 4*j + 0*j = -3*k + 28. Suppose -k*l + 10 = l. What is the greatest common factor of 22 and l?
2
Suppose 18 = -r + 3*r. What is the greatest common factor of r and 18?
9
Suppose 4*v = -2*f + 158 - 52, 20 = -4*v. Let c = 5 + 2. What is the greatest common factor of c and f?
7
Let d = 3 - -5. Let z be (-1)/(-4) - 106/d. Let a = z - -21. What is the greatest common divisor of 40 and a?
8
Let x = -58 + -24. Let s = -46 - x. What is the highest common divisor of s and 12?
12
Let z = -241 + 441. Calculate the highest common factor of 25 and z.
25
Let v(c) = c**2 + 7*c + 3. Let y be v(7). Let m be 4/(((-24)/(-69))/4). Let t = y - m. What is the highest common divisor of 22 and t?
11
Let x(s) = -s**2 + s. Let f be x(0). Suppose 0 = -3*u - 2*r + 7*r + 337, -5*u - 4*r + 500 = f. Calculate the highest common divisor of u and 26.
26
Suppose 0 = -2*z + 67 + 13. Calculate the highest common factor of 160 and z.
40
Suppose 0*i - 5*i - 3*z + 1013 = 0, -5*z = i - 207. Let c = i + -142. Suppose y = -4*y + c. Calculate the greatest common factor of 132 and y.
12
Suppose 4*g + 71 = 3*t, -5*g - 84 = 4*t - 3*t. Let k = 39 + g. Calculate the greatest common factor of 242 and k.
22
Let a = -141 - -303. Suppose 4*d + 4*x - 88 = 0, 2*x = 4*d + x - 68. What is the greatest common divisor of d and a?
18
Suppose 12 - 2 = -5*i - 4*y, 0 = -2*i - 2*y - 6. Suppose -3*q + 1 = -8. Calculate the greatest common divisor of i and q.
1
Suppose -35 = -5*s - 0. Suppose -s = -j - j - x, -3*j - 3*x + 9 = 0. What is the highest common divisor of j and 10?
2
Let o = 37 + -25. Calculate the greatest common facto